 0*x + g = -w, 4*w - 460 = -2*x. Let i = -3 + 33. Calculate the greatest common factor of x and i.
30
Suppose -2*z = -5 + 1, -f + 5*z = 85. Let d = f + 126. Suppose 5*o = d + 14. What is the greatest common factor of o and 78?
13
Let v(i) = i + 12. Let x be v(-8). Let a be x*(2 + 1)*1. Calculate the greatest common factor of a and 2.
2
Let j = -131 - -188. What is the highest common divisor of 76 and j?
19
Let k(w) = -w**3 + 2*w**2 - 4*w - 15. Let u be k(-3). What is the highest common factor of u and 714?
42
Let s(i) = i**2 + i - 3. Let z be s(-3). Let y = 9 - z. What is the highest common divisor of 42 and y?
6
Let t be -3*(-1 - -6)/(-5). What is the highest common factor of t and 111?
3
Suppose -b - 4*h = -22, 10*b - 14*b = 4*h - 28. Suppose 4*t + 5*o = 97, 5*o = -b*t - 17 + 58. Calculate the greatest common divisor of t and 28.
28
Let u(i) = 2*i**2 + 2*i - 2. Let b be u(-2). Let h = b + -2. Let q(w) = -w + 15. Let y be q(h). What is the highest common divisor of 3 and y?
3
Suppose 5*x + 2 = -a, 2*x = -9*a + 4*a - 10. Suppose 0 = h + 4*l + 1, h - 5 = -x*h - l. Calculate the highest common factor of 28 and h.
7
Let w(f) = -f**3 - 16*f**2 - 2*f - 36. Let y be w(-16). Let x(t) = 2*t + 10. Let g be x(y). Let k = -36 - -54. What is the highest common factor of g and k?
2
Let j(q) = -q**2 + 16*q + 18. Let r(d) = d**2 - d. Let k(s) = -j(s) - 2*r(s). Let x be k(-9). Calculate the greatest common factor of 18 and x.
9
Let r be 27/6 - 5 - 45/(-2). Let s(k) = -5*k**3 + k**2 - 2*k + 9. Let t be s(6). Let i be 3/4 + t/(-12). Calculate the greatest common divisor of r and i.
22
Let f = 1017 + -977. Calculate the highest common factor of 1180 and f.
20
Suppose 5 = -s + 22. Suppose 0 = 18*o - 14*o - 612. What is the greatest common divisor of o and s?
17
Suppose -3*u = -3*f + 18, -2*f - 11 - 1 = 4*u. Suppose -f*t - 3 = -35. What is the highest common divisor of 128 and t?
16
Let w(y) = 97*y - 23. Let k(t) = -24*t + 6. Let f(r) = 9*k(r) + 2*w(r). Let v be f(-2). What is the highest common factor of 39 and v?
13
Let i be (18/15)/((-6)/20). Let c(h) = -h**3 + h**2 + h + 5. Let s be c(i). Calculate the greatest common factor of s and 9.
9
Let v(t) = -t**2 - 14*t - 37. Let i be v(-9). Suppose 2*s = -2*s + i. What is the highest common divisor of 8 and s?
2
Suppose 25 = -6*u + 7. Let d be (-2 - (u + 1)) + 12. Let t(f) = -14*f - 2. Let i be t(-7). What is the highest common divisor of i and d?
12
Let k(v) = -11*v - 47. Let h be k(-4). Let q be 104/24 - h/(-9). What is the greatest common divisor of 8 and q?
4
Let f(i) = i - 3. Let n be f(35). Suppose 0 = 4*t - 8 - 8. What is the greatest common divisor of t and n?
4
Suppose -15 = -4*t + t, -5*t = -4*p + 31. Calculate the highest common factor of 62 and p.
2
Let m = -154 - -1654. What is the highest common factor of 12 and m?
12
Let j be 1/(6/161)*(156 - 150). Calculate the greatest common divisor of 115 and j.
23
Let i = 2 + 6. Suppose 0 = 5*h - 318 - 282. Suppose q - 4*g + h = 3*q, 0 = -5*q + 3*g + 274. Calculate the greatest common factor of q and i.
8
Let t(y) = -8*y + 36. Let z be t(4). Suppose 0 = -5*p - z + 139. Calculate the greatest common divisor of 3 and p.
3
Let f be 1/2*((6 - 2) + 4). Suppose -2*q - r = -30, -f*q - 4*r + 42 = -2*q. What is the highest common factor of q and 39?
13
Let z(s) be the third derivative of s**6/120 - 11*s**5/60 + 5*s**4/12 + s**3/3 - 14*s**2. Let m be z(10). Calculate the highest common divisor of 6 and m.
2
Let r(v) = 3*v**3 - 9*v**2 + 21*v - 62. Let t be r(8). Calculate the greatest common divisor of 82 and t.
82
Let j(c) = -c**2 + 3*c + 2. Let n be j(2). Let w be -2 - (n + 378/(-3)). Calculate the greatest common divisor of 15 and w.
15
Let m(p) = -p. Let d be m(0). Suppose 30 = k - d*k. Suppose -4*o + 60 = o + 5*b, b = -5*o + 72. Calculate the greatest common divisor of k and o.
15
Let o(h) = -34*h - 128. Let n be o(-5). Calculate the highest common divisor of 42 and n.
42
Suppose -9*z + 887 = -958. Suppose -3*i = 4*w - 111, 2*i + 0*w - 88 = 2*w. Calculate the greatest common factor of z and i.
41
Suppose -3*r - 2*r = 5*m - 140, -m + 2*r = -13. What is the greatest common divisor of m and 23?
23
Let w(x) = x**2 - 9*x + 6. Let t be w(7). Let i be t/(-44) - 172/(-22). Calculate the greatest common factor of i and 72.
8
Let z = -4 + 10. Calculate the greatest common factor of 30 and z.
6
Let o(k) = 5*k**2 + 3*k - 5. Suppose 5*u - 4*m + 17 = -11, 22 = -4*u + 3*m. Let p be o(u). What is the greatest common factor of 7 and p?
7
Suppose 9 = -5*a + 29. Suppose h = -17 + a. Let d = h - -14. What is the highest common divisor of d and 8?
1
Suppose -6 = -5*b - 16. Let z be (-2)/b*(1 + 24). What is the greatest common factor of z and 200?
25
Let a(m) = 13*m - 53. Let h be a(13). Suppose 0*z + 3*k + h = 4*z, -3*z + 82 = -k. Calculate the greatest common factor of 286 and z.
26
Let g = 9 - 4. Suppose 0 = -5*u - g + 20. Suppose 5*i = -4*j + 151, -74 = -i - i - 5*j. Calculate the highest common divisor of i and u.
3
Suppose 2*f = -27*j + 25*j + 136, 5*f + 92 = j. What is the highest common divisor of j and 90?
18
Suppose 506*j + 156 = 510*j. Calculate the greatest common factor of 26 and j.
13
Let h be 1/(-1) + 1/(3/15). What is the highest common divisor of 23 and h?
1
Let q(l) = -l**3 + 33*l**2 + 34*l + 9. Let d be q(34). Let n be 14/4 - (-2)/(-4). Calculate the greatest common divisor of d and n.
3
Let b(w) be the third derivative of -w**5/60 + 5*w**4/24 + w**3/2 + 9*w**2. Let a be b(3). What is the highest common divisor of a and 18?
9
Suppose 9 - 54 = -9*m. Suppose 0 = -3*i - 5*d + 73, 4*i - 8*i - m*d = -89. Calculate the highest common factor of i and 144.
16
Let p be 635/(-15) + 2/6. Let n be -6*(-7)/(p/32). Let q = 46 + n. Calculate the greatest common factor of q and 7.
7
Suppose 2*g = p + 38, -7*p + 2*p - 95 = -5*g. What is the greatest common factor of 95 and g?
19
Let n = -113 - -124. Suppose l - 3*f = -1, 2*f - 1 = 3. Suppose l*h + 3*v = 2 + 18, -4*h = 3*v - 19. What is the greatest common divisor of h and n?
1
Let d be (2 - 2)*2/(-4). Suppose 2*b + 3*b = d. Suppose -o - 28 = -3*u - b*o, 2*o + 2 = 0. Calculate the highest common factor of 81 and u.
9
Let t be (-35)/175 + 723/15. Suppose 0 = 3*y - 8*y. Suppose y = 4*f - 10 - 54. Calculate the greatest common factor of f and t.
16
Let z be (-2)/(-4) + (-4)/8. Suppose 0*l + l - 14 = z. Let x(c) = -13*c**3 + c**2 + 4. Let i be x(-2). Calculate the greatest common factor of i and l.
14
Let c(w) = w + 17. Let r be c(-5). Let f be 2 - 2 - (-24 + r). What is the greatest common divisor of f and 12?
12
Let x be ((-4824)/96)/(1/(-4)). Let g = x - 138. What is the greatest common factor of 9 and g?
9
Suppose q - 147 = 297. What is the highest common divisor of q and 12?
12
Let x = 547 - 528. Calculate the greatest common divisor of x and 589.
19
Let q = -127 + 12. Let o = q + 142. Calculate the highest common divisor of 81 and o.
27
Let p(w) = 7*w + 25. Let n be p(-3). Suppose 5*a - a = n. Let s = 10 - 5. Calculate the highest common divisor of a and s.
1
Let r(z) = z**2 + 26*z - 23. Let x be r(-28). Let o be 3*(-4)/8*-2. What is the highest common divisor of o and x?
3
Suppose -6*o - 155 = -o. Let j = 47 + o. What is the highest common divisor of 40 and j?
8
Let c(z) = 2*z**2 + 18*z - 5. Let h be c(-9). Let q be 2/8*0 + h. Let v be 21/35 - 12/q. What is the greatest common divisor of 21 and v?
3
Suppose k - 1658 = 3*g, -2764 = -g + 6*g - k. Let y = -157 - g. Calculate the highest common factor of 44 and y.
44
Suppose -3*u = -2*u - 7. Suppose -u*j + 2*j = -15. Suppose g - 8 = k - 2, -g = j*k - 2. What is the highest common divisor of 55 and g?
5
Suppose -5*b = -4*b - n - 3, 5*b - 8 = -2*n. Suppose b*v - 31 = -3*i + 4*i, -3*i + 51 = 3*v. What is the highest common factor of 80 and v?
16
Suppose g = -0*g + 1. Let r = 15 + g. Let s be 6/(-9) + 100/6. What is the greatest common factor of s and r?
16
Let l(r) = -24*r. Suppose -2*f - 14 = 2*c, 2*f + 24 = 2*c - 5*c. Let z be l(c). Suppose 4*s + s - z = 0. Calculate the highest common divisor of s and 24.
24
Suppose -2*b - 6*o = -3*o - 165, 3 = o. Calculate the highest common factor of b and 130.
26
Let z = -70 - -121. What is the greatest common factor of 3 and z?
3
Suppose 7*b - 4*b =